digit of 5132307?
5
What is the millions digit of 2915465?
2
What is the units digit of 1915764?
4
What is the hundreds digit of 9861141?
1
What is the tens digit of 1525683?
8
What is the hundreds digit of 74771?
7
What is the hundreds digit of 356369?
3
What is the units digit of 237974?
4
What is the thousands digit of 1571420?
1
What is the units digit of 75524?
4
What is the tens digit of 21687432?
3
What is the units digit of 389618?
8
What is the millions digit of 7218377?
7
What is the ten thousands digit of 648916?
4
What is the thousands digit of 140109?
0
What is the thousands digit of 5136251?
6
What is the thousands digit of 1303475?
3
What is the thousands digit of 2999418?
9
What is the tens digit of 363460?
6
What is the hundred thousands digit of 2831574?
8
What is the units digit of 23872?
2
What is the hundred thousands digit of 1672306?
6
What is the hundred thousands digit of 1280294?
2
What is the ten millions digit of 16986581?
1
What is the tens digit of 209745?
4
What is the hundreds digit of 96287?
2
What is the tens digit of 3121518?
1
What is the tens digit of 1217968?
6
What is the hundred thousands digit of 1556326?
5
What is the hundreds digit of 1985554?
5
What is the hundreds digit of 3601030?
0
What is the tens digit of 994345?
4
What is the hundreds digit of 261988?
9
What is the thousands digit of 2246618?
6
What is the ten thousands digit of 110173?
1
What is the hundreds digit of 62599?
5
What is the hundreds digit of 504569?
5
What is the millions digit of 1594183?
1
What is the hundred thousands digit of 994476?
9
What is the hundred thousands digit of 1733445?
7
What is the hundreds digit of 3321413?
4
What is the units digit of 11600402?
2
What is the tens digit of 1615743?
4
What is the ten thousands digit of 9115287?
1
What is the thousands digit of 3863288?
3
What is the thousands digit of 9342748?
2
What is the hundreds digit of 32832177?
1
What is the hundreds digit of 3127478?
4
What is the ten thousands digit of 155997?
5
What is the thousands digit of 706771?
6
What is the tens digit of 7041352?
5
What is the hundred thousands digit of 2089624?
0
What is the hundreds digit of 79254?
2
What is the hundred thousands digit of 16193249?
1
What is the units digit of 159613?
3
What is the units digit of 2338577?
7
What is the tens digit of 234565?
6
What is the hundreds digit of 2115662?
6
What is the hundred thousands digit of 1671852?
6
What is the hundreds digit of 228071?
0
What is the ten thousands digit of 3192704?
9
What is the thousands digit of 13982523?
2
What is the thousands digit of 12865100?
5
What is the hundreds digit of 673625?
6
What is the tens digit of 1517151?
5
What is the hundred thousands digit of 1661271?
6
What is the thousands digit of 2245434?
5
What is the millions digit of 16719219?
6
What is the units digit of 797656?
6
What is the thousands digit of 1805447?
5
What is the ten thousands digit of 602879?
0
What is the tens digit of 103031?
3
What is the millions digit of 1248304?
1
What is the hundreds digit of 37314315?
3
What is the tens digit of 32103076?
7
What is the ten thousands digit of 537262?
3
What is the ten thousands digit of 83064?
8
What is the ten thousands digit of 718939?
1
What is the thousands digit of 686762?
6
What is the units digit of 6078202?
2
What is the millions digit of 5782761?
5
What is the thousands digit of 151327?
1
What is the hundred thousands digit of 689814?
6
What is the hundred thousands digit of 181460?
1
What is the tens digit of 2838597?
9
What is the units digit of 5632088?
8
What is the hundreds digit of 1105102?
1
What is the thousands digit of 180247?
0
What is the units digit of 4372338?
8
What is the ten thousands digit of 199453?
9
What is the hundred thousands digit of 504041?
5
What is the hundred thousands digit of 1211790?
2
What is the millions digit of 3109168?
3
What is the tens digit of 11329665?
6
What is the tens digit of 2014937?
3
What is the tens digit of 1646971?
7
What is the units digit of 306912?
2
What is the ten thousands digit of 273270?
7
What is the thousands digit of 44113?
4
What is the units digit of 7207538?
8
What is the tens digit of 1269719?
1
What is the ten thousands digit of 191441?
9
What is the hundred thousands digit of 640707?
6
What is the units digit of 494024?
4
What is the ten thousands digit of 376840?
7
What is the hundred thousands digit of 1824565?
8
What is the tens digit of 3291315?
1
What is the tens digit of 531496?
9
What is the ten thousands digit of 484209?
8
What is the ten thousands digit of 56551?
5
What is the units digit of 142876?
6
What is the millions digit of 2246846?
2
What is the millions digit of 27902567?
7
What is the units digit of 8398117?
7
What is the hundred thousands digit of 306601?
3
What is the hundred thousands digit of 37843976?
8
What is the ten thousands digit of 1268616?
6
What is the hundred thousands digit of 1246320?
2
What is the hundred thousands digit of 7436016?
4
What is the millions digit of 2218940?
2
What is the hundreds digit of 13964144?
1
What is the tens digit of 12300932?
3
What is the units digit of 668682?
2
What is the tens digit of 136171?
7
What is the ten thousands digit of 202973?
0
What is the units digit of 54143?
3
What is the units digit of 181319?
9
What is the millions digit of 12096998?
2
What is the tens digit of 1975451?
5
What is the tens digit of 9792295?
9
What is the thousands digit of 3580028?
0
What is the hundred thousands digit of 314324?
3
What is the thousands digit of 46226?
6
What is the units digit of 5214258?
8
What is the tens digit of 655036?
3
What is the tens digit of 455198?
9
What is the units digit of 1885179?
9
What is the hundred thousands digit of 14951744?
9
What is the ten thousands digit of 94864?
9
What is the tens digit of 20223?
2
What is the thousands digit of 169620?
9
What is the thousands digit of 8756623?
6
What is the thousands digit of 162663?
2
What is the hundreds digit of 5597522?
5
What is the units digit of 180914?
4
What is the units digit of 274909?
9
What is the thousands digit of 20297?
0
What is the hundred thousands digit of 18544074?
5
What is the thousands digit of 16584?
6
What is the ten millions digit of 17500501?
1
What is the ten thousands digit of 85340?
8
What is the thousands digit of 13121665?
1
What is the tens digit of 21307?
0
What is the hundreds digit of 1926460?
4
What is the hundreds digit of 9732?
7
What is the hundreds digit of 475963?
9
What is the ten thousands digit of 358012?
5
What is the ten thousands digit of 1130881?
3
What is the hundreds digit of 846717?
7
What is the hundred thousands digit of 317764?
3
What is the hundreds digit of 17167201?
2
What is the thousands digit of 38776079?
6
What is the thousands digit of 4614058?
4
What is the units digit of 4497757?
7
What is the hundreds digit of 6597249?
2
What is the tens digit of 9396261?
6
What is the hundred thousands digit of 1865181?
8
What is the tens digit of 1474002?
0
What is the units digit of 556521?
1
What is the hundred thousands digit of 224383?
2
What is the hundred thousands digit of 43944182?
9
What is the hundreds digit of 2078891?
8
What is the ten thousands digit of 210859?
1
What is the hundred thousands digit of 16950350?
9
What is the millions digit of 13360337?
3
What is the thousands digit of 107491?
7
What is the hundreds digit of 115506?
5
What is the ten thousands digit of 78126?
7
What is the tens digit of 2269573?
7
What is the millions digit of 3418924?
3
What is the millions digit of 1475027?
1
What is the tens digit of 32899?
9
What is the thousands digit of 2820831?
0
What is the hundred thousands digit of 1395594?
3
What is the units digit of 1036625?
5
What is the tens digit of 142232?
3
What is the millions digit of 12570600?
2
What is the ten thousands digit of 1762138?
6
What is the hundreds digit of 6888892?
8
What is the hundred thousands digit of 1486806?
4
What is the millions digit of 3066121?
3
What is the ten thousands digit of 102303?
0
What is the units digit of 21858948?
8
What is the thousands digit of 5234295?
4
What is the units digit of 145287?
7
What is the ten thousands digit of 273260?
7
What is the tens digit of 23530859?
5
